{"id":365,"date":"2022-09-25T17:58:56","date_gmt":"2022-09-25T15:58:56","guid":{"rendered":"http:\/\/www.vince-flies.com\/?page_id=365"},"modified":"2024-01-09T17:41:04","modified_gmt":"2024-01-09T16:41:04","slug":"partner-team","status":"publish","type":"page","link":"http:\/\/www.vince-flies.com\/index.php\/partner-team\/","title":{"rendered":"Partner"},"content":{"rendered":"\n<p class=\"has-text-align-center\"><\/p>\n\n\n\n<div class=\"wp-block-columns is-layout-flex wp-container-core-columns-is-layout-9d6595d7 wp-block-columns-is-layout-flex\">\n<div class=\"wp-block-column is-layout-flow wp-block-column-is-layout-flow\">\n<div class=\"wp-block-media-text alignwide is-stacked-on-mobile is-vertically-aligned-top\"><figure class=\"wp-block-media-text__media\"><a href=\"https:\/\/www.flyfishing-switzerland.com\"><img loading=\"lazy\" decoding=\"async\" width=\"433\" height=\"577\" src=\"http:\/\/www.vince-flies.com\/wp-content\/uploads\/2022\/10\/61FB6F6C-5B66-44EE-AD9C-2666642D5BE1-removebg-preview.png\" alt=\"\" class=\"wp-image-564 size-full\" srcset=\"http:\/\/www.vince-flies.com\/wp-content\/uploads\/2022\/10\/61FB6F6C-5B66-44EE-AD9C-2666642D5BE1-removebg-preview.png 433w, http:\/\/www.vince-flies.com\/wp-content\/uploads\/2022\/10\/61FB6F6C-5B66-44EE-AD9C-2666642D5BE1-removebg-preview-225x300.png 225w\" sizes=\"auto, (max-width: 433px) 100vw, 433px\" \/><\/a><\/figure><div class=\"wp-block-media-text__content\">\n<p><em>Es ist mir eine grosse Ehre bei  Flyfishing Switzerland im Team dabei zu sein und vor allem dass ich als Fliegenbinder f\u00fcr sie t\u00e4tig  sein darf. Dadurch ist auch eine enge Freundschaft entstanden , was f\u00fcr mich einfach nur wunderbar ist .<\/em><\/p>\n<\/div><\/div>\n<\/div>\n\n\n\n<div class=\"wp-block-column is-layout-flow wp-block-column-is-layout-flow\">\n<div class=\"wp-block-media-text alignwide is-stacked-on-mobile is-vertically-aligned-top\"><figure class=\"wp-block-media-text__media\"><a href=\"https:\/\/www.zueriflyfishing.ch\"><img loading=\"lazy\" decoding=\"async\" width=\"216\" height=\"216\" src=\"http:\/\/www.vince-flies.com\/wp-content\/uploads\/2022\/10\/fca357_62e85e3892434f28afc39fbee69ac9a0.png.webp\" alt=\"\" class=\"wp-image-566 size-full\" srcset=\"http:\/\/www.vince-flies.com\/wp-content\/uploads\/2022\/10\/fca357_62e85e3892434f28afc39fbee69ac9a0.png.webp 216w, http:\/\/www.vince-flies.com\/wp-content\/uploads\/2022\/10\/fca357_62e85e3892434f28afc39fbee69ac9a0.png-150x150.webp 150w, http:\/\/www.vince-flies.com\/wp-content\/uploads\/2022\/10\/fca357_62e85e3892434f28afc39fbee69ac9a0.png-75x75.webp 75w\" sizes=\"auto, (max-width: 216px) 100vw, 216px\" \/><\/a><\/figure><div class=\"wp-block-media-text__content\">\n<p>Ich bin sehr froh dass ich den Verein kennenlernen durfte. Es gef\u00e4llt mir sehr gut , wie wichtig die Freundschaft und der Zusammenhal ist. Der Verein steht f\u00fcr Respekt der Natur und den Tieren und so ist es richtig f\u00fcr mich. Mit Freude kann ich sagen das ich ein Vereinsmitglied bin.<\/p>\n<\/div><\/div>\n<\/div>\n\n\n\n<div class=\"wp-block-column is-layout-flow wp-block-column-is-layout-flow\">\n<div class=\"wp-block-media-text alignwide is-stacked-on-mobile is-vertically-aligned-top\"><figure class=\"wp-block-media-text__media\"><a href=\"https:\/\/www.effa.info\/effa-open.html\"><img loading=\"lazy\" decoding=\"async\" width=\"224\" height=\"224\" src=\"http:\/\/www.vince-flies.com\/wp-content\/uploads\/2022\/10\/Unknown.jpeg\" alt=\"\" class=\"wp-image-568 size-full\" srcset=\"http:\/\/www.vince-flies.com\/wp-content\/uploads\/2022\/10\/Unknown.jpeg 224w, http:\/\/www.vince-flies.com\/wp-content\/uploads\/2022\/10\/Unknown-150x150.jpeg 150w, http:\/\/www.vince-flies.com\/wp-content\/uploads\/2022\/10\/Unknown-75x75.jpeg 75w\" sizes=\"auto, (max-width: 224px) 100vw, 224px\" \/><\/a><\/figure><div class=\"wp-block-media-text__content\">\n<p>Ich hatte das Gl\u00fcck die EFFA kennenzulernen. Von Anfang an hat mich alles fasziniert, dass ich unbedingt mal reinschauen wollte. Nach einem ersten Treffen mit vielen Informationen und Gespr\u00e4chen, wollte ich gleich beitreten und viel lernen was ich sp\u00e4ter weitergeben kann. Sehr empfehlenswert f\u00fcr jeden der seine Passion perfektionieren m\u00f6chte..<\/p>\n<\/div><\/div>\n<\/div>\n<\/div>\n\n\n\n<div class=\"wp-block-columns is-layout-flex wp-container-core-columns-is-layout-9d6595d7 wp-block-columns-is-layout-flex\">\n<div class=\"wp-block-column is-layout-flow wp-block-column-is-layout-flow\">\n<div class=\"wp-block-media-text alignwide is-stacked-on-mobile is-vertically-aligned-top\" style=\"grid-template-columns:25% auto\"><figure class=\"wp-block-media-text__media\"><a href=\"https:\/\/www.flytastic.net\"><img loading=\"lazy\" decoding=\"async\" width=\"1024\" height=\"173\" src=\"http:\/\/www.vince-flies.com\/wp-content\/uploads\/2022\/10\/54075b74-9df7-466e-94e2-ae05a80b62cc-1024x173.jpg\" alt=\"\" class=\"wp-image-698 size-full\" srcset=\"http:\/\/www.vince-flies.com\/wp-content\/uploads\/2022\/10\/54075b74-9df7-466e-94e2-ae05a80b62cc-1024x173.jpg 1024w, http:\/\/www.vince-flies.com\/wp-content\/uploads\/2022\/10\/54075b74-9df7-466e-94e2-ae05a80b62cc-300x51.jpg 300w, http:\/\/www.vince-flies.com\/wp-content\/uploads\/2022\/10\/54075b74-9df7-466e-94e2-ae05a80b62cc-768x130.jpg 768w, http:\/\/www.vince-flies.com\/wp-content\/uploads\/2022\/10\/54075b74-9df7-466e-94e2-ae05a80b62cc-1140x193.jpg 1140w, http:\/\/www.vince-flies.com\/wp-content\/uploads\/2022\/10\/54075b74-9df7-466e-94e2-ae05a80b62cc.jpg 1500w\" sizes=\"auto, (max-width: 1024px) 100vw, 1024px\" \/><\/a><\/figure><div class=\"wp-block-media-text__content\">\n<p>Ich habe Yanick Hort von Flytastic kennengelernt und gesehen was er alles macht. Seine Ruten die er selber macht und wie er \u00fcber das Fliegenfischen denkt ist was mir gef\u00e4llt. Ich habe selber eine Rute von ihm machen lassen und sie entspricht genau meinen Vorstellungen. Einfach Sprachlos ! Genial <\/p>\n<\/div><\/div>\n<\/div>\n\n\n\n<div class=\"wp-block-column is-layout-flow wp-block-column-is-layout-flow\">\n<div class=\"wp-block-media-text alignwide is-stacked-on-mobile is-vertically-aligned-top\" style=\"grid-template-columns:39% auto\"><figure class=\"wp-block-media-text__media\"><a href=\"https:\/\/www.flyfishingnetzi.ch\"><img loading=\"lazy\" decoding=\"async\" width=\"768\" height=\"768\" src=\"http:\/\/www.vince-flies.com\/wp-content\/uploads\/2023\/04\/6ba8efe4-0df6-410c-98eb-c00b903795d5.webp\" alt=\"\" class=\"wp-image-895 size-full\" srcset=\"http:\/\/www.vince-flies.com\/wp-content\/uploads\/2023\/04\/6ba8efe4-0df6-410c-98eb-c00b903795d5.webp 768w, http:\/\/www.vince-flies.com\/wp-content\/uploads\/2023\/04\/6ba8efe4-0df6-410c-98eb-c00b903795d5-300x300.webp 300w, http:\/\/www.vince-flies.com\/wp-content\/uploads\/2023\/04\/6ba8efe4-0df6-410c-98eb-c00b903795d5-150x150.webp 150w, http:\/\/www.vince-flies.com\/wp-content\/uploads\/2023\/04\/6ba8efe4-0df6-410c-98eb-c00b903795d5-75x75.webp 75w\" sizes=\"auto, (max-width: 768px) 100vw, 768px\" \/><\/a><\/figure><div class=\"wp-block-media-text__content\">\n<p>Christoph ist ein guter Freund und Casting Instruktor bei der EFFA. Seine Wurftechnik ist beeindruckend.<\/p>\n<\/div><\/div>\n<\/div>\n<\/div>\n\n\n\n<div class=\"wp-block-media-text is-stacked-on-mobile\" style=\"grid-template-columns:20% auto\"><figure class=\"wp-block-media-text__media\"><a href=\"https:\/\/www.fliegenfischerschule.it\/\"><img loading=\"lazy\" decoding=\"async\" width=\"474\" height=\"237\" src=\"http:\/\/www.vince-flies.com\/wp-content\/uploads\/2023\/08\/OIP.jpg\" alt=\"\" class=\"wp-image-903 size-full\" srcset=\"http:\/\/www.vince-flies.com\/wp-content\/uploads\/2023\/08\/OIP.jpg 474w, http:\/\/www.vince-flies.com\/wp-content\/uploads\/2023\/08\/OIP-300x150.jpg 300w\" sizes=\"auto, (max-width: 474px) 100vw, 474px\" \/><\/a><\/figure><div class=\"wp-block-media-text__content\">\n<p>Arnold Gufler ist mein Fliegenfischerfreund im S\u00fcdtirol. Ein top Fliegenfischer Experte, Guide und Fliegenbinder. Wenn du einmal im S\u00fcdtirol fliegenfischen m\u00f6chtest ist er meine Empfehlung. Sein Wissen und die Leidenschaft haben mich sehr beindruckt. Menschlich einfach unschlagbar.<\/p>\n<\/div><\/div>\n\n\n\n<div class=\"wp-block-media-text is-stacked-on-mobile\" style=\"grid-template-columns:17% auto\"><figure class=\"wp-block-media-text__media\"><a href=\"https:\/\/www.flyfishersinternational.org\/\"><img loading=\"lazy\" decoding=\"async\" width=\"600\" height=\"600\" src=\"http:\/\/www.vince-flies.com\/wp-content\/uploads\/2024\/01\/fly-fishers-international-logo-stacked.jpg\" alt=\"\" class=\"wp-image-939 size-full\" srcset=\"http:\/\/www.vince-flies.com\/wp-content\/uploads\/2024\/01\/fly-fishers-international-logo-stacked.jpg 600w, http:\/\/www.vince-flies.com\/wp-content\/uploads\/2024\/01\/fly-fishers-international-logo-stacked-300x300.jpg 300w, http:\/\/www.vince-flies.com\/wp-content\/uploads\/2024\/01\/fly-fishers-international-logo-stacked-150x150.jpg 150w, http:\/\/www.vince-flies.com\/wp-content\/uploads\/2024\/01\/fly-fishers-international-logo-stacked-75x75.jpg 75w\" sizes=\"auto, (max-width: 600px) 100vw, 600px\" \/><\/a><\/figure><div class=\"wp-block-media-text__content\">\n<p>Es ist mir eine Ehre ein Mitglied der FFI zu sein. Die Einsicht in die internationale und amerikanische Fliegenfischer Szene, ist sehr spannend und fasziniert mich sehr. Einblicke in die internationalen Wurftechniken und Bindetechniken sind sehr spanend.<\/p>\n<\/div><\/div>\n","protected":false},"excerpt":{"rendered":"<p>Es ist mir eine grosse Ehre bei Flyfishing Switzerland im Team dabei zu sein und vor allem dass ich als Fliegenbinder f\u00fcr sie t\u00e4tig sein darf. Dadurch ist auch eine enge Freundschaft entstanden , was f\u00fcr mich einfach nur wunderbar ist . Ich bin sehr froh dass ich den Verein kennenlernen durfte. Es gef\u00e4llt mir sehr gut , wie wichtig die Freundschaft und der Zusammenhal ist. Der Verein steht f\u00fcr Respekt der Natur und den Tieren und so ist es richtig f\u00fcr mich. Mit Freude kann ich sagen das ich ein Vereinsmitglied bin. Ich hatte das Gl\u00fcck die EFFA kennenzulernen. Von Anfang an hat mich alles fasziniert, dass ich unbedingt mal reinschauen wollte. Nach einem ersten Treffen mit vielen Informationen und Gespr\u00e4chen, wollte ich gleich beitreten und viel lernen was ich sp\u00e4ter weitergeben kann. Sehr empfehlenswert f\u00fcr jeden der seine Passion perfektionieren m\u00f6chte.. Ich habe Yanick Hort von Flytastic kennengelernt und gesehen was er alles macht. Seine Ruten die er selber macht und wie er \u00fcber das Fliegenfischen denkt ist was mir gef\u00e4llt. Ich habe selber eine Rute von ihm machen lassen und sie entspricht genau meinen Vorstellungen. Einfach Sprachlos ! Genial Christoph ist ein guter Freund und Casting Instruktor bei der EFFA. Seine Wurftechnik ist beeindruckend. Arnold Gufler ist mein Fliegenfischerfreund im S\u00fcdtirol. Ein top Fliegenfischer Experte, Guide und Fliegenbinder. Wenn du einmal im S\u00fcdtirol fliegenfischen m\u00f6chtest ist er meine Empfehlung. Sein Wissen und die Leidenschaft haben mich sehr beindruckt. Menschlich einfach unschlagbar. Es ist mir eine Ehre ein Mitglied der FFI zu sein. Die Einsicht in die internationale und amerikanische Fliegenfischer Szene, ist sehr spannend und fasziniert mich sehr. Einblicke in die internationalen Wurftechniken und Bindetechniken sind sehr spanend.<\/p>\n","protected":false},"author":1,"featured_media":0,"parent":0,"menu_order":0,"comment_status":"closed","ping_status":"closed","template":"","meta":{"footnotes":""},"class_list":["post-365","page","type-page","status-publish","hentry"],"_links":{"self":[{"href":"http:\/\/www.vince-flies.com\/index.php\/wp-json\/wp\/v2\/pages\/365","targetHints":{"allow":["GET"]}}],"collection":[{"href":"http:\/\/www.vince-flies.com\/index.php\/wp-json\/wp\/v2\/pages"}],"about":[{"href":"http:\/\/www.vince-flies.com\/index.php\/wp-json\/wp\/v2\/types\/page"}],"author":[{"embeddable":true,"href":"http:\/\/www.vince-flies.com\/index.php\/wp-json\/wp\/v2\/users\/1"}],"replies":[{"embeddable":true,"href":"http:\/\/www.vince-flies.com\/index.php\/wp-json\/wp\/v2\/comments?post=365"}],"version-history":[{"count":30,"href":"http:\/\/www.vince-flies.com\/index.php\/wp-json\/wp\/v2\/pages\/365\/revisions"}],"predecessor-version":[{"id":943,"href":"http:\/\/www.vince-flies.com\/index.php\/wp-json\/wp\/v2\/pages\/365\/revisions\/943"}],"wp:attachment":[{"href":"http:\/\/www.vince-flies.com\/index.php\/wp-json\/wp\/v2\/media?parent=365"}],"curies":[{"name":"wp","href":"https:\/\/api.w.org\/{rel}","templated":true}]}}